 2540*a + 9157. Give w(-4).
-1003
Let u(c) = 14*c**2 - 2805*c + 6766. What is u(198)?
232
Let c(x) = -7689*x + 138451. Determine c(18).
49
Let j(u) = 187*u**2 + 203*u - 65. Calculate j(0).
-65
Let f(a) = -566*a + 1247. Determine f(8).
-3281
Let y(f) = -52*f**3 - 430*f**2 + 897*f - 12. Determine y(-10).
18
Let x(b) = -413*b - 310. Determine x(-3).
929
Let m(j) = -j**2 + 96*j - 1227. Calculate m(56).
1013
Let s(k) = k**2 - 712*k + 27493. What is s(41)?
-18
Let g(y) = -y**3 - 2*y**2 + 86*y + 240. Give g(-3).
-9
Let u(p) = -134*p**2 - 53*p + 416. Calculate u(5).
-3199
Let d(z) = 205*z + 12917. Give d(-64).
-203
Let x(t) = t**3 - 24*t**2 + 127*t - 276. Give x(18).
66
Let t(j) = -j**3 + 202*j**2 + 586*j + 5956. What is t(205)?
11
Let p(o) = 3*o**3 - 81*o**2 + 81*o - 72. Give p(26).
6
Let n(r) = r**3 + 66*r**2 + 5568*r + 377592. Give n(-67).
47
Let r(f) = -692*f + 41557. Determine r(60).
37
Let c(p) = 99163*p + 99952. Calculate c(-1).
789
Let i(x) = 5*x**2 - 8545*x - 34266. What is i(-4)?
-6
Let z(i) = -765*i - 13122. Calculate z(-17).
-117
Let u(b) = -1290*b + 159. Determine u(0).
159
Let n(h) = -3*h**2 - 252*h - 1017. Calculate n(-4).
-57
Let b(p) = 5*p**2 - 1585*p + 40455. What is b(28)?
-5
Let w(b) = -5815*b - 180338. Calculate w(-31).
-73
Let s(o) = -o**3 + 29*o**2 + 197*o - 17. Give s(-6).
61
Let i(b) = 7252*b + 14433. Give i(-2).
-71
Let r(m) = 51*m**3 + 94*m**2 - 365*m + 1. Calculate r(4).
3309
Let v(b) = b**3 - 33*b**2 + 185*b + 194. What is v(24)?
-550
Let y(f) = f**3 - 11*f**2 - 158*f + 199. What is y(-9)?
1
Let b(u) = -8*u**3 - 59*u**2 - 124*u - 49. Determine b(-3).
8
Let d(v) = -6*v**3 - 468*v**2 + 442*v + 25. Calculate d(1).
-7
Let u(z) = 38*z**2 - 1390*z - 1389. What is u(-1)?
39
Let u(t) = -11*t**2 - 233*t - 28. Give u(-10).
1202
Let b(f) = -4*f**2 - 20204*f - 121094. Determine b(-6).
-14
Let c(m) = 3*m**2 + 272*m - 3841. Determine c(-103).
-30
Let r(v) = -26*v + 131. Calculate r(11).
-155
Let a(z) = 4*z**2 - 231*z - 3838. What is a(72)?
266
Let z(t) = -t**3 + 15*t**2 - 40*t - 37. What is z(11)?
7
Let n(k) = -2*k**3 - 230*k**2 - 2471*k + 81. Determine n(-103).
-22
Let r(g) = -g**3 - 64*g**2 - 704*g - 125. Calculate r(-50).
75
Let s(a) = 6*a**2 + 395*a - 308367. Determine s(-262).
7
Let f(j) = j**2 + 6034*j - 434139. Determine f(71).
-684
Let n(s) = 11*s**2 + 385*s + 2690. Determine n(-7).
534
Let a(g) = 25*g**2 - 792*g + 4676. Give a(24).
68
Let t(h) = -35752*h - 106397. Calculate t(-3).
859
Let c(y) = 4*y**2 - 7881*y + 55102. What is c(7)?
131
Let p(r) = r**2 + 63*r - 1909. What is p(-94)?
1005
Let r(d) = -109*d**2 - 231*d + 30. Calculate r(0).
30
Let d(c) = 473*c - 4485. What is d(9)?
-228
Let x(m) = -5008*m - 55098. Calculate x(-11).
-10
Let f(o) = -o**3 + 159*o**2 - 629*o + 22. What is f(4)?
-14
Let o(g) = -467*g**3 + 15*g + 22. Calculate o(-2).
3728
Let v(z) = -3*z**3 - 20*z**2 + 386*z + 2658. Determine v(-7).
5
Let d(b) = -b**3 + 6*b**2 + b + 18. Calculate d(6).
24
Let g(j) = -j**3 + 24*j**2 - 283*j + 8672. What is g(26)?
-38
Let a(b) = b**3 - 52*b**2 - 2428*b - 2627. What is a(82)?
-3
Let x(o) = o**3 - 46*o**2 - 127*o + 1998. Determine x(48).
510
Let g(m) = -27*m**2 + 291*m + 1411. What is g(-5)?
-719
Let m(w) = w**2 - 718*w - 304084. Calculate m(1017).
-1
Let t(w) = -330*w + 7682. What is t(20)?
1082
Let i(y) = y**3 + 28*y**2 - 201*y - 5799. Give i(-27).
357
Let b(r) = -19*r**3 + 176*r**2 + 1690*r - 15350. Determine b(9).
265
Let j(a) = -2*a**3 - 264*a**2 - 5195*a - 517. What is j(-108)?
671
Let c(h) = -452448*h - 4524517. Determine c(-10).
-37
Let k(r) = -615*r + 12348. Give k(20).
48
Let y(k) = 31468*k - 63020. Give y(2).
-84
Let j(m) = 741*m - 13999. What is j(19)?
80
Let l(t) = t**3 + 31*t**2 - 760*t + 1842. Calculate l(14).
22
Let r(o) = 423840*o + 3390687. Calculate r(-8).
-33
Let n(t) = -2*t**2 + 777*t - 43228. Give n(318).
1610
Let c(u) = -2*u**3 + 18*u**2 + 285*u - 3621. Determine c(12).
-1065
Let r(b) = -16*b - 865. Give r(-65).
175
Let r(y) = -y**3 - 39*y**2 + 2069*y + 239. Determine r(-69).
308
Let s(c) = 2433*c + 141179. What is s(-58)?
65
Let d(s) = 11*s**2 + 103*s - 300. Determine d(0).
-300
Let y(q) = 2*q**3 + 1100*q**2 + 23215*q - 8980. Give y(-528).
-4
Let j(n) = -n**2 - 110*n - 1601. What is j(-95)?
-176
Let g(r) = 3107*r - 29478. What is g(9)?
-1515
Let p(t) = -1515*t - 9552. Give p(-7).
1053
Let j(k) = -7*k**3 - 56*k**2 + 42*k - 16. Calculate j(-10).
964
Let a(n) = -32*n - 5141. Give a(-147).
-437
Let x(c) = 2*c**3 - 97*c**2 + 65*c - 644. What is x(48)?
172
Let a(h) = -7671*h - 100062. Calculate a(-13).
-339
Let z(a) = -410*a**2 - 82*a - 81. Give z(-1).
-409
Let z(q) = 145114*q - 435350. What is z(3)?
-8
Let s(k) = 106*k**3 - 5*k**2 - 41*k - 54. Calculate s(-2).
-840
Let z(a) = -a**3 - 369*a**2 + 380*a + 3769. Calculate z(-370).
69
Let i(y) = 10440*y + 135750. Give i(-13).
30
Let j(r) = 3*r - 371. Calculate j(149).
76
Let o(g) = -672*g - 4790. What is o(-7)?
-86
Let l(x) = -x**3 + x**2 + 412*x - 1. Give l(22).
-1101
Let x(v) = 236*v**2 - 21*v + 9. What is x(1)?
224
Let p(l) = -14*l**3 - 37*l**2 + 96*l - 53. Determine p(2).
-121
Let y(b) = -69*b**2 + 11175*b + 218. Determine y(162).
-268
Let l(c) = -6*c**2 + 331*c + 1284. Calculate l(-4).
-136
Let w(k) = -27908*k - 31675576. Determine w(-1135).
4
Let m(r) = r**3 - 2*r**2 + 1327*r - 6716. Determine m(5).
-6
Let l(k) = 3*k**3 + 202*k**2 - 129*k + 244. Calculate l(-68).
-232
Let f(j) = -83*j + 3650. Give f(44).
-2
Let d(h) = 3*h**2 - 119*h - 170. Calculate d(0).
-170
Let a(u) = -u**2 - 36*u + 248. Calculate a(-55).
-797
Let p(x) = 9*x**2 + 1337*x + 5317. Calculate p(-4).
113
Let o(g) = -g**2 - 1224*g - 362886. Calculate o(-720).
-6
Let c(p) = 195*p**2 + 23397*p - 346. Determine c(-120).
14
Let u(p) = 2*p**2 - 126*p + 1085. What is u(19)?
-587
Let h(m) = -482*m**2 + 142189*m + 301. Determine h(295).
6
Let k(j) = -12975*j - 142622. What is k(-11)?
103
Let c(i) = 85036*i + 5612368. Determine c(-66).
-8
Let i(h) = -4*h**2 + 745*h + 6141. Calculate i(191).
2512
Let r(i) = 549*i - 15392. What is r(28)?
-20
Let f(r) = -r**3 - 2*r**2 - 5365*r + 10738. What is f(2)?
-8
Let g(o) = -259*o + 43721. Determine g(169).
-50
Let i(b) = -b**2 + 570*b + 11828. Determine i(-20).
28
Let r(h) = -h**2 + 67*h + 409. What is r(43)?
1441
Let v(d) = -376*d - 47049. Give v(-125).
-49
Let o(m) = -1340*m + 51168. What is o(37)?
1588
Let y(k) = k**3 - 499*k**2 - 26249*k + 41. Calculate y(-48).
-295
Let v(k) = -59982*k - 2879158. Calculate v(-48).
-22
Let g(h) = 66*h - 3000. Determine g(38).
-492
Let c(l) = l**3 - 6*l**2 - 14730*l + 88461. Determine c(6).
81
Let n(a) = 60*a**2 - 331*a - 625. Determine n(-2).
277
Let j(d) = -141*d + 18222. Determine j(128).
174
Let k(s) = -297*s + 853. Give k(7).
-1226
Let b(c) = 39*c**3 - 4*c**2 + 59*c - 122. Determine b(2).
292
Let f(u) = -u**2 - 123*u + 932. Determine f(9).
-256
Let v(h) = -h**2 + 60*h + 935. What is v(78)?
-469
Let f(t) = 1333*t - 437221. Give f(328).
3
Let x(y) = -49*y**2 - 2603*y + 2441. Give x(-54).
119
Let t(x) = -x**3 + 34*x**2 + 178*x + 2406. Determine t(41).
-2063
Let x(g) = 6463294*g + 6463295. What is x(-1)?
1
Let a(i) = -i**3 - 8*i**2 + 32408*i + 129672. Give a(-4).
-24
Let d(j) = 7271*j + 610800. What is d(-84)?
36
Let h(u) = u**2 + 3*u - 6159. Determine h(77).
1
Let t(v) = -190*v**2 + 3055*v - 25. Give t(16).
215
Let p(h) = -160*h + 953. Determine p(7).
-167
Let p(k) = 6*k**3 - 231*k**2 + 1423*k - 871. Calculate p(31).
-3
Let a(n) = 2*n**2 + 69*n - 6451. Give a(-78).
335
Let z(o) = 6*o**2 + 844*o + 8455. Give z(-11).
-103
Let x(t) = 406*t + 1639. What is x(-6)?
-797
Let b(d) = 8548*d - 60397. Calculate b(7).
-561
Let b(n) = -9650*n + 1370299. Calculate b(142).
-1
Let m(n) = -2*n**3 + 37*n**2 + 105*n - 891. What is m(20)?
9
Let t(l) = 8*l**3 - 135*l**2 + 1414*l + 2. Calculate t(9).
7625
Let n(y) = -281*y**3 - 1441*y**2 - 205*y - 103. Determine n(-5).
22
Let i(o) = -787*o - 207. Determine i(2).
-1781
Let h(a) = a**2 - 304719*a + 4875249. Determine h(16).
1
Let l(q) = -69297*q - 2771871. Calculate l(-40).
9
Let x(w) = -w**2 - 4245*w - 122256. Determine x(-29).
8
Let s(u) = 980*u - 40185. What is s(41)?
-5
Let q(k) = 408255*k + 3266044. What is q(-8)?
4
Let u(w) = w**3 + 47*w**2 - 113*w - 519. Determine u(-49).
216
Let p(v) =